{"id":3,"date":"2023-06-21T20:21:49","date_gmt":"2023-06-21T18:21:49","guid":{"rendered":"http:\/\/mariagodi-psychologue.com\/?page_id=3"},"modified":"2023-07-17T10:26:16","modified_gmt":"2023-07-17T08:26:16","slug":"politique-de-confidentialite","status":"publish","type":"page","link":"https:\/\/mariagodi-psychologue.com\/index.php\/politique-de-confidentialite\/","title":{"rendered":"Politique de confidentialit\u00e9"},"content":{"rendered":"[et_pb_section fb_built= &raquo;1&Prime; admin_label= &raquo;section &raquo; _builder_version= &raquo;4.16&Prime; global_colors_info= &raquo;{} &raquo;][et_pb_row admin_label= &raquo;row &raquo; _builder_version= &raquo;4.16&Prime; background_size= &raquo;initial &raquo; background_position= &raquo;top_left &raquo; background_repeat= &raquo;repeat &raquo; global_colors_info= &raquo;{} &raquo;][et_pb_column type= &raquo;4_4&Prime; _builder_version= &raquo;4.16&Prime; custom_padding= &raquo;||| &raquo; global_colors_info= &raquo;{} &raquo; custom_padding__hover= &raquo;||| &raquo;][et_pb_text admin_label= &raquo;Text &raquo; _builder_version= &raquo;4.21.0&Prime; background_size= &raquo;initial &raquo; background_position= &raquo;top_left &raquo; background_repeat= &raquo;repeat &raquo; global_colors_info= &raquo;{} &raquo;]<p><\/p>\n<h1 class=\"wp-block-heading\"><span style=\"font-weight: 400;\">Politique de confidentialit\u00e9<\/span><\/h1>\n<h2><\/h2>\n<p><span style=\"font-weight: 400;\">Date d&rsquo;entr\u00e9e en vigueur : 17\/07\/2023<\/span><\/p>\n<h2><\/h2>\n<p><span style=\"font-weight: 400;\">La pr\u00e9sente politique de confidentialit\u00e9 r\u00e9git la mani\u00e8re dont je, Maria Godi, exploitante du site mariagodi-psycologue.com (ci-apr\u00e8s d\u00e9nomm\u00e9 &laquo; je &raquo;, &laquo; mon &raquo; ou &laquo; l&rsquo;\u00c9diteur &raquo;), collecte, utilise, conserve et divulgue les informations recueillies aupr\u00e8s des utilisateurs (ci-apr\u00e8s d\u00e9nomm\u00e9s &laquo; vous &raquo; ou &laquo; l&rsquo;Utilisateur &raquo;) du site mariagodi-psycologue.com (ci-apr\u00e8s d\u00e9nomm\u00e9 &laquo; le Site &raquo;).<\/span><\/p>\n<h2><\/h2>\n<p><span style=\"font-weight: 400;\">Collecte des informations personnelles<\/span><\/p>\n<h2><\/h2>\n<p><span style=\"font-weight: 400;\">Je peux collecter des informations personnelles aupr\u00e8s de vous de diff\u00e9rentes mani\u00e8res lorsque vous utilisez mon Site, notamment lorsque vous remplissez un formulaire de contact ou que vous me communiquez vos informations par le biais d&rsquo;une autre interaction avec le Site.<\/span><\/p>\n<h2><\/h2>\n<p><span style=\"font-weight: 400;\">Les informations personnelles que je peux collecter comprennent, sans s&rsquo;y limiter, votre nom, votre adresse e-mail, votre num\u00e9ro de t\u00e9l\u00e9phone, ainsi que toute autre information que vous choisissez de me fournir.<\/span><\/p>\n<h2><\/h2>\n<p><span style=\"font-weight: 400;\">Utilisation des informations collect\u00e9es<\/span><\/p>\n<h2><\/h2>\n<p><span style=\"font-weight: 400;\">J&rsquo;utilise les informations personnelles que je collecte pour les finalit\u00e9s suivantes :<\/span><\/p>\n<h2><\/h2>\n<p><span style=\"font-weight: 400;\">&#8211; R\u00e9pondre \u00e0 vos demandes et vous fournir les services que vous avez sollicit\u00e9s.<\/span><\/p>\n<p><span style=\"font-weight: 400;\">&#8211; Communiquer avec vous et vous informer des mises \u00e0 jour ou des informations relatives \u00e0 mes services.<\/span><\/p>\n<p><span style=\"font-weight: 400;\">&#8211; Am\u00e9liorer mon Site et mes services en fonction de vos commentaires et de vos besoins.<\/span><\/p>\n<p><span style=\"font-weight: 400;\">&#8211; Respecter mes obligations l\u00e9gales et r\u00e9glementaires.<\/span><\/p>\n<h2><\/h2>\n<p><span style=\"font-weight: 400;\">Protection des informations<\/span><\/p>\n<h2><\/h2>\n<p><span style=\"font-weight: 400;\">Je mets en \u0153uvre des mesures de s\u00e9curit\u00e9 appropri\u00e9es pour prot\u00e9ger les informations personnelles que vous me fournissez contre tout acc\u00e8s non autoris\u00e9, toute divulgation, toute alt\u00e9ration ou destruction.<\/span><\/p>\n<h2><\/h2>\n<p><span style=\"font-weight: 400;\">Partage des informations<\/span><\/p>\n<h2><\/h2>\n<p><span style=\"font-weight: 400;\">Je ne vends, n&rsquo;\u00e9change ni ne loue vos informations personnelles \u00e0 des tiers, sauf dans les cas suivants :<\/span><\/p>\n<h2><\/h2>\n<p><span style=\"font-weight: 400;\">&#8211; Si j&rsquo;obtiens votre consentement pr\u00e9alable pour partager vos informations.<\/span><\/p>\n<p><span style=\"font-weight: 400;\">&#8211; Si je suis tenu de le faire pour me conformer \u00e0 une obligation l\u00e9gale ou pour prot\u00e9ger mes droits, mes biens ou ma s\u00e9curit\u00e9, ainsi que ceux de mes utilisateurs ou de tiers.<\/span><\/p>\n<h2><\/h2>\n<p><span style=\"font-weight: 400;\">Acc\u00e8s et contr\u00f4le de vos informations<\/span><\/p>\n<h2><\/h2>\n<p><span style=\"font-weight: 400;\">Conform\u00e9ment \u00e0 la loi Informatique et Libert\u00e9s du 6 janvier 1978, vous disposez d&rsquo;un droit d&rsquo;acc\u00e8s, de rectification, de suppression et d&rsquo;opposition concernant vos informations personnelles. Vous pouvez exercer ce droit en me contactant par e-mail \u00e0 l&rsquo;adresse maria-godi@hotmail.com.<\/span><\/p>\n<p><\/p>[\/et_pb_text][\/et_pb_column][\/et_pb_row][\/et_pb_section]","protected":false},"excerpt":{"rendered":"<p>Politique de confidentialit\u00e9 Date d&rsquo;entr\u00e9e en vigueur : 17\/07\/2023 La pr\u00e9sente politique de confidentialit\u00e9 r\u00e9git la mani\u00e8re dont je, Maria Godi, exploitante du site mariagodi-psycologue.com (ci-apr\u00e8s d\u00e9nomm\u00e9 &laquo; je &raquo;, &laquo; mon &raquo; ou &laquo; l&rsquo;\u00c9diteur &raquo;), collecte, utilise, conserve et divulgue les informations recueillies aupr\u00e8s des utilisateurs (ci-apr\u00e8s d\u00e9nomm\u00e9s &laquo; vous &raquo; ou &laquo; l&rsquo;Utilisateur &raquo;) du site mariagodi-psycologue.com (ci-apr\u00e8s d\u00e9nomm\u00e9 &laquo; le Site &raquo;). Collecte [&hellip;]<\/p>\n","protected":false},"author":1,"featured_media":0,"parent":0,"menu_order":0,"comment_status":"closed","ping_status":"open","template":"","meta":{"_et_pb_use_builder":"on","_et_pb_old_content":"<!-- wp:heading --><h2>Qui sommes-nous\u00a0?<\/h2><!-- \/wp:heading --><!-- wp:paragraph --><p><strong class=\"privacy-policy-tutorial\">Texte sugg\u00e9r\u00e9\u00a0: <\/strong>L\u2019adresse de notre site est\u00a0: http:\/\/mariagodi-psychologue.com.<\/p><!-- \/wp:paragraph --><!-- wp:heading --><h2>Commentaires<\/h2><!-- \/wp:heading --><!-- wp:paragraph --><p><strong class=\"privacy-policy-tutorial\">Texte sugg\u00e9r\u00e9\u00a0: <\/strong>Quand vous laissez un commentaire sur notre site, les donn\u00e9es inscrites dans le formulaire de commentaire, ainsi que votre adresse IP et l\u2019agent utilisateur de votre navigateur sont collect\u00e9s pour nous aider \u00e0 la d\u00e9tection des commentaires ind\u00e9sirables.<\/p><!-- \/wp:paragraph --><!-- wp:paragraph --><p>Une cha\u00eene anonymis\u00e9e cr\u00e9\u00e9e \u00e0 partir de votre adresse e-mail (\u00e9galement appel\u00e9e hash) peut \u00eatre envoy\u00e9e au service Gravatar pour v\u00e9rifier si vous utilisez ce dernier. Les clauses de confidentialit\u00e9 du service Gravatar sont disponibles ici\u00a0: https:\/\/automattic.com\/privacy\/. Apr\u00e8s validation de votre commentaire, votre photo de profil sera visible publiquement \u00e0 cot\u00e9 de votre commentaire.<\/p><!-- \/wp:paragraph --><!-- wp:heading --><h2>M\u00e9dias<\/h2><!-- \/wp:heading --><!-- wp:paragraph --><p><strong class=\"privacy-policy-tutorial\">Texte sugg\u00e9r\u00e9\u00a0: <\/strong>Si vous t\u00e9l\u00e9versez des images sur le site, nous vous conseillons d\u2019\u00e9viter de t\u00e9l\u00e9verser des images contenant des donn\u00e9es EXIF de coordonn\u00e9es GPS. Les personnes visitant votre site peuvent t\u00e9l\u00e9charger et extraire des donn\u00e9es de localisation depuis ces images.<\/p><!-- \/wp:paragraph --><!-- wp:heading --><h2>Cookies<\/h2><!-- \/wp:heading --><!-- wp:paragraph --><p><strong class=\"privacy-policy-tutorial\">Texte sugg\u00e9r\u00e9\u00a0: <\/strong>Si vous d\u00e9posez un commentaire sur notre site, il vous sera propos\u00e9 d\u2019enregistrer votre nom, adresse e-mail et site dans des cookies. C\u2019est uniquement pour votre confort afin de ne pas avoir \u00e0 saisir ces informations si vous d\u00e9posez un autre commentaire plus tard. Ces cookies expirent au bout d\u2019un an.<\/p><!-- \/wp:paragraph --><!-- wp:paragraph --><p>Si vous vous rendez sur la page de connexion, un cookie temporaire sera cr\u00e9\u00e9 afin de d\u00e9terminer si votre navigateur accepte les cookies. Il ne contient pas de donn\u00e9es personnelles et sera supprim\u00e9 automatiquement \u00e0 la fermeture de votre navigateur.<\/p><!-- \/wp:paragraph --><!-- wp:paragraph --><p>Lorsque vous vous connecterez, nous mettrons en place un certain nombre de cookies pour enregistrer vos informations de connexion et vos pr\u00e9f\u00e9rences d\u2019\u00e9cran. La dur\u00e9e de vie d\u2019un cookie de connexion est de deux jours, celle d\u2019un cookie d\u2019option d\u2019\u00e9cran est d\u2019un an. Si vous cochez \u00ab\u00a0Se souvenir de moi\u00a0\u00bb, votre cookie de connexion sera conserv\u00e9 pendant deux semaines. Si vous vous d\u00e9connectez de votre compte, le cookie de connexion sera effac\u00e9.<\/p><!-- \/wp:paragraph --><!-- wp:paragraph --><p>En modifiant ou en publiant une publication, un cookie suppl\u00e9mentaire sera enregistr\u00e9 dans votre navigateur. Ce cookie ne comprend aucune donn\u00e9e personnelle. Il indique simplement l\u2019ID de la publication que vous venez de modifier. Il expire au bout d\u2019un jour.<\/p><!-- \/wp:paragraph --><!-- wp:heading --><h2>Contenu embarqu\u00e9 depuis d\u2019autres sites<\/h2><!-- \/wp:heading --><!-- wp:paragraph --><p><strong class=\"privacy-policy-tutorial\">Texte sugg\u00e9r\u00e9\u00a0: <\/strong>Les articles de ce site peuvent inclure des contenus int\u00e9gr\u00e9s (par exemple des vid\u00e9os, images, articles\u2026). Le contenu int\u00e9gr\u00e9 depuis d\u2019autres sites se comporte de la m\u00eame mani\u00e8re que si le visiteur se rendait sur cet autre site.<\/p><!-- \/wp:paragraph --><!-- wp:paragraph --><p>Ces sites web pourraient collecter des donn\u00e9es sur vous, utiliser des cookies, embarquer des outils de suivis tiers, suivre vos interactions avec ces contenus embarqu\u00e9s si vous disposez d\u2019un compte connect\u00e9 sur leur site web.<\/p><!-- \/wp:paragraph --><!-- wp:heading --><h2>Utilisation et transmission de vos donn\u00e9es personnelles<\/h2><!-- \/wp:heading --><!-- wp:paragraph --><p><strong class=\"privacy-policy-tutorial\">Texte sugg\u00e9r\u00e9\u00a0: <\/strong>Si vous demandez une r\u00e9initialisation de votre mot de passe, votre adresse IP sera incluse dans l\u2019e-mail de r\u00e9initialisation.<\/p><!-- \/wp:paragraph --><!-- wp:heading --><h2>Dur\u00e9es de stockage de vos donn\u00e9es<\/h2><!-- \/wp:heading --><!-- wp:paragraph --><p><strong class=\"privacy-policy-tutorial\">Texte sugg\u00e9r\u00e9\u00a0: <\/strong>Si vous laissez un commentaire, le commentaire et ses m\u00e9tadonn\u00e9es sont conserv\u00e9s ind\u00e9finiment. Cela permet de reconna\u00eetre et approuver automatiquement les commentaires suivants au lieu de les laisser dans la file de mod\u00e9ration.<\/p><!-- \/wp:paragraph --><!-- wp:paragraph --><p>Pour les comptes qui s\u2019inscrivent sur notre site (le cas \u00e9ch\u00e9ant), nous stockons \u00e9galement les donn\u00e9es personnelles indiqu\u00e9es dans leur profil. Tous les comptes peuvent voir, modifier ou supprimer leurs informations personnelles \u00e0 tout moment (\u00e0 l\u2019exception de leur identifiant). Les gestionnaires du site peuvent aussi voir et modifier ces informations.<\/p><!-- \/wp:paragraph --><!-- wp:heading --><h2>Les droits que vous avez sur vos donn\u00e9es<\/h2><!-- \/wp:heading --><!-- wp:paragraph --><p><strong class=\"privacy-policy-tutorial\">Texte sugg\u00e9r\u00e9\u00a0: <\/strong>Si vous avez un compte ou si vous avez laiss\u00e9 des commentaires sur le site, vous pouvez demander \u00e0 recevoir un fichier contenant toutes les donn\u00e9es personnelles que nous poss\u00e9dons \u00e0 votre sujet, incluant celles que vous nous avez fournies. Vous pouvez \u00e9galement demander la suppression des donn\u00e9es personnelles vous concernant. Cela ne prend pas en compte les donn\u00e9es stock\u00e9es \u00e0 des fins administratives, l\u00e9gales ou pour des raisons de s\u00e9curit\u00e9.<\/p><!-- \/wp:paragraph --><!-- wp:heading --><h2>O\u00f9 vos donn\u00e9es sont envoy\u00e9es<\/h2><!-- \/wp:heading --><!-- wp:paragraph --><p><strong class=\"privacy-policy-tutorial\">Texte sugg\u00e9r\u00e9\u00a0: <\/strong>Les commentaires des visiteurs peuvent \u00eatre v\u00e9rifi\u00e9s \u00e0 l\u2019aide d\u2019un service automatis\u00e9 de d\u00e9tection des commentaires ind\u00e9sirables.<\/p><!-- \/wp:paragraph -->","_et_gb_content_width":"","footnotes":""},"_links":{"self":[{"href":"https:\/\/mariagodi-psychologue.com\/index.php\/wp-json\/wp\/v2\/pages\/3"}],"collection":[{"href":"https:\/\/mariagodi-psychologue.com\/index.php\/wp-json\/wp\/v2\/pages"}],"about":[{"href":"https:\/\/mariagodi-psychologue.com\/index.php\/wp-json\/wp\/v2\/types\/page"}],"author":[{"embeddable":true,"href":"https:\/\/mariagodi-psychologue.com\/index.php\/wp-json\/wp\/v2\/users\/1"}],"replies":[{"embeddable":true,"href":"https:\/\/mariagodi-psychologue.com\/index.php\/wp-json\/wp\/v2\/comments?post=3"}],"version-history":[{"count":3,"href":"https:\/\/mariagodi-psychologue.com\/index.php\/wp-json\/wp\/v2\/pages\/3\/revisions"}],"predecessor-version":[{"id":435,"href":"https:\/\/mariagodi-psychologue.com\/index.php\/wp-json\/wp\/v2\/pages\/3\/revisions\/435"}],"wp:attachment":[{"href":"https:\/\/mariagodi-psychologue.com\/index.php\/wp-json\/wp\/v2\/media?parent=3"}],"curies":[{"name":"wp","href":"https:\/\/api.w.org\/{rel}","templated":true}]}}