{"id":425,"date":"2023-07-17T10:10:49","date_gmt":"2023-07-17T08:10:49","guid":{"rendered":"https:\/\/mariagodi-psychologue.com\/?page_id=425"},"modified":"2023-07-17T10:27:36","modified_gmt":"2023-07-17T08:27:36","slug":"mentions-legales","status":"publish","type":"page","link":"https:\/\/mariagodi-psychologue.com\/index.php\/mentions-legales\/","title":{"rendered":"Mentions l\u00e9gales"},"content":{"rendered":"<p>[et_pb_section fb_built= &raquo;1&Prime; _builder_version= &raquo;4.21.0&Prime; _module_preset= &raquo;default &raquo; global_colors_info= &raquo;{} &raquo;][et_pb_row _builder_version= &raquo;4.21.0&Prime; _module_preset= &raquo;default &raquo; global_colors_info= &raquo;{} &raquo;][et_pb_column type= &raquo;4_4&Prime; _builder_version= &raquo;4.21.0&Prime; _module_preset= &raquo;default &raquo; global_colors_info= &raquo;{} &raquo;][et_pb_text _builder_version= &raquo;4.21.0&Prime; _module_preset= &raquo;default &raquo; global_colors_info= &raquo;{} &raquo;]<\/p>\n<h1><strong>Mentions l\u00e9gales<\/strong><\/h1>\n<p><strong><\/strong><\/p>\n<p><span style=\"font-weight: 400;\">En vigueur au 17\/07\/2023<\/span><\/p>\n<h1><\/h1>\n<p><span style=\"font-weight: 400;\">Conform\u00e9ment aux dispositions des Articles 6-III et 19 de la Loi n\u00b02004-575 du 21 juin 2004 pour la Confiance dans l&rsquo;\u00e9conomie num\u00e9rique, dite L.C.E.N., il est port\u00e9 \u00e0 la connaissance des utilisateurs et visiteurs, ci-apr\u00e8s l' &raquo;Utilisateur &raquo;, du site mariagodi-psycologue.com, ci-apr\u00e8s le &laquo; Site &raquo;, les pr\u00e9sentes mentions l\u00e9gales.<\/span><\/p>\n<h1><\/h1>\n<p><span style=\"font-weight: 400;\">La connexion et la navigation sur le Site par l&rsquo;Utilisateur impliquent l&rsquo;acceptation int\u00e9grale et sans r\u00e9serve des pr\u00e9sentes mentions l\u00e9gales.<\/span><\/p>\n<h1><\/h1>\n<p><span style=\"font-weight: 400;\">ARTICLE 1 \u2013 L&rsquo;\u00c9DITEUR<\/span><\/p>\n<p><span style=\"font-weight: 400;\">L&rsquo;\u00e9dition du Site est assur\u00e9e par Maria Godi.<\/span><\/p>\n<h1><\/h1>\n<p><span style=\"font-weight: 400;\">&#8211; SIRET : 88136623100028<\/span><\/p>\n<p><span style=\"font-weight: 400;\">&#8211; Adresse : 229 rue de Saint-Honor\u00e9, 75001 Paris, France<\/span><\/p>\n<p><span style=\"font-weight: 400;\">&#8211; Num\u00e9ro de t\u00e9l\u00e9phone : 06 11 91 77 40<\/span><\/p>\n<p><span style=\"font-weight: 400;\">&#8211; Adresse e-mail : maria-godi@hotmail.com<\/span><\/p>\n<h1><\/h1>\n<p><span style=\"font-weight: 400;\">ARTICLE 2 \u2013 L&rsquo;H\u00c9BERGEUR<\/span><\/p>\n<p><span style=\"font-weight: 400;\">L&rsquo;h\u00e9bergeur du Site est Hostinger International Ltd, dont le si\u00e8ge social est situ\u00e9 au 61 rue Lordou Vironos, 6023 Chypre.<\/span><\/p>\n<h1><\/h1>\n<p><span style=\"font-weight: 400;\">ARTICLE 3 \u2013 ACC\u00c8S AU SITE<\/span><\/p>\n<p><span style=\"font-weight: 400;\">Le Site est accessible en tout endroit, 7j\/7, 24h\/24, sauf cas de force majeure, interruption programm\u00e9e ou non, et pouvant d\u00e9couler d&rsquo;une n\u00e9cessit\u00e9 de maintenance.<\/span><\/p>\n<h1><\/h1>\n<p><span style=\"font-weight: 400;\">En cas de modification, interruption ou suspension du Site, l&rsquo;\u00c9diteur ne saurait \u00eatre tenu responsable.<\/span><\/p>\n<h1><\/h1>\n<p><span style=\"font-weight: 400;\">ARTICLE 4 \u2013 COLLECTE DES DONN\u00c9ES<\/span><\/p>\n<p><span style=\"font-weight: 400;\">Le Site assure \u00e0 l&rsquo;Utilisateur une collecte et un traitement d&rsquo;informations personnelles dans le respect de la vie priv\u00e9e conform\u00e9ment \u00e0 la loi n\u00b078-17 du 6 janvier 1978 relative \u00e0 l&rsquo;informatique, aux fichiers et aux libert\u00e9s.<\/span><\/p>\n<h1><\/h1>\n<p><span style=\"font-weight: 400;\">En vertu de la loi Informatique et Libert\u00e9s, en date du 6 janvier 1978, l&rsquo;Utilisateur dispose d&rsquo;un droit d&rsquo;acc\u00e8s, de rectification, de suppression et d&rsquo;opposition de ses donn\u00e9es personnelles. L&rsquo;Utilisateur peut exercer ce droit en contactant l&rsquo;\u00c9diteur par mail \u00e0 l&rsquo;adresse maria-godi@hotmail.com.<\/span><\/p>\n<h1><\/h1>\n<p><span style=\"font-weight: 400;\">Toute utilisation, reproduction, diffusion, commercialisation, modification de toute ou partie du Site sans autorisation de l&rsquo;\u00c9diteur est prohib\u00e9e et pourra entra\u00eener des actions et poursuites judiciaires telles que notamment pr\u00e9vues par le Code de la propri\u00e9t\u00e9 intellectuelle et le Code civil.<\/span><\/p>\n<h1><\/h1>\n<p><span style=\"font-weight: 400;\">Pour plus d&rsquo;informations, veuillez vous reporter aux CGU du site mariagodi-psycologue.com accessible ici.<\/span><\/p>\n<h1><\/h1>\n<p><span style=\"font-weight: 400;\">Pour plus d&rsquo;informations, veuillez vous reporter aux RGPD du site mariagodi-psycologue.com accessible ici.<\/span><\/p>\n<h1><\/h1>\n<p><span style=\"font-weight: 400;\">Pour plus d&rsquo;informations en mati\u00e8re de protection des donn\u00e9es \u00e0 caract\u00e8re personnel, veuillez vous reporter \u00e0 la Charte en mati\u00e8re de protection des donn\u00e9es \u00e0 caract\u00e8re personnel du site mariagodi-psycologue.com accessible \u00e0 la rubrique &laquo; Donn\u00e9es personnelles &raquo;.<\/span><\/p>\n<h1><\/h1>\n<p><span style=\"font-weight: 400;\">Pour plus d&rsquo;informations en mati\u00e8re de cookies, veuillez vous reporter \u00e0 la Charte en mati\u00e8re de cookies du site mariagodi-psycologue.com accessible \u00e0 la rubrique &laquo; Cookies &raquo;.<\/span><\/p>\n<p>[\/et_pb_text][\/et_pb_column][\/et_pb_row][\/et_pb_section]<\/p>\n","protected":false},"excerpt":{"rendered":"<p>Mentions l\u00e9gales En vigueur au 17\/07\/2023 Conform\u00e9ment aux dispositions des Articles 6-III et 19 de la Loi n\u00b02004-575 du 21 juin 2004 pour la Confiance dans l&rsquo;\u00e9conomie num\u00e9rique, dite L.C.E.N., il est port\u00e9 \u00e0 la connaissance des utilisateurs et visiteurs, ci-apr\u00e8s l' &raquo;Utilisateur &raquo;, du site mariagodi-psycologue.com, ci-apr\u00e8s le &laquo; Site &raquo;, les pr\u00e9sentes mentions l\u00e9gales. La connexion et [&hellip;]<\/p>\n","protected":false},"author":1,"featured_media":0,"parent":0,"menu_order":0,"comment_status":"closed","ping_status":"closed","template":"","meta":{"_et_pb_use_builder":"on","_et_pb_old_content":"","_et_gb_content_width":"","footnotes":""},"_links":{"self":[{"href":"https:\/\/mariagodi-psychologue.com\/index.php\/wp-json\/wp\/v2\/pages\/425"}],"collection":[{"href":"https:\/\/mariagodi-psychologue.com\/index.php\/wp-json\/wp\/v2\/pages"}],"about":[{"href":"https:\/\/mariagodi-psychologue.com\/index.php\/wp-json\/wp\/v2\/types\/page"}],"author":[{"embeddable":true,"href":"https:\/\/mariagodi-psychologue.com\/index.php\/wp-json\/wp\/v2\/users\/1"}],"replies":[{"embeddable":true,"href":"https:\/\/mariagodi-psychologue.com\/index.php\/wp-json\/wp\/v2\/comments?post=425"}],"version-history":[{"count":3,"href":"https:\/\/mariagodi-psychologue.com\/index.php\/wp-json\/wp\/v2\/pages\/425\/revisions"}],"predecessor-version":[{"id":436,"href":"https:\/\/mariagodi-psychologue.com\/index.php\/wp-json\/wp\/v2\/pages\/425\/revisions\/436"}],"wp:attachment":[{"href":"https:\/\/mariagodi-psychologue.com\/index.php\/wp-json\/wp\/v2\/media?parent=425"}],"curies":[{"name":"wp","href":"https:\/\/api.w.org\/{rel}","templated":true}]}}